 38*w**2 - 3*w. Let l(x) = -48*x**2 + 3*x + 1. Let q(m) = 5*d(m) + 4*l(m). Give q(3).
-23
Suppose 3*l = 4*l + 2*z - 10, -3*l - 3*z = -18. Let p(a) be the third derivative of 0*a + 0*a**3 - 1/15*a**5 + 0 + 9*a**2 + 1/8*a**4. What is p(l)?
-10
Let w(y) = -1 + 2396*y - 10 + 0 - 2390*y. Give w(3).
7
Let w(r) be the third derivative of r**7/5040 - 7*r**6/360 + r**5/3 + 12*r**2. Let v(j) be the third derivative of w(j). What is v(0)?
-14
Let v(s) = -2*s**2 + 3*s + 4. Let q = -1843 - -1840. What is v(q)?
-23
Let g(h) = -h**3 + 9*h**2 + 6*h - 2. Let v(c) = 3*c**3 - 26*c**2 - 18*c + 5. Let r(j) = -8*g(j) - 3*v(j). Let o = -659 - -666. Give r(o).
-6
Let x(o) be the second derivative of 0 - 1/12*o**4 - 2/3*o**3 - 3/2*o**2 - 3*o. Give x(-4).
-3
Let w(o) = o**3 + 2*o**2 + 2*o. Let v(d) = 2*d**3 + 7*d**2 - 7*d - 5. Let r(c) = v(c) - w(c). Calculate r(-6).
13
Let i(o) = o**3 - 6*o**2 - 6*o - 10. Suppose 2*p - 7*p = 0. Suppose -11*z + 15*z - 28 = p. Let y be i(z). Let w(d) = d**2 + 2*d. What is w(y)?
3
Let h(k) = 3*k**3 - k**2 - 4*k**3 - 4 - 2*k - 4*k**2. Let m(a) = -a**3 - 21*a**2 + 23*a + 17. Let p be m(-22). Give h(p).
6
Let t(p) = -4*p**3 + 4*p**2 - 2*p - 1. Let v(u) = -47*u + 473. Let d be v(10). Calculate t(d).
-79
Let v(d) = d**2 + 7*d + 15. Let r be (6/(-5))/(-5*(-2)/50). Let h be v(r). Let m(w) = 2*w - 8. Give m(h).
10
Let i(x) = 4*x + 4. Let f be i(-3). Let b = f + 10. Let a be -2 - 1*(b + -8). Let g(h) = -h**3 + 5*h**2 - 6*h. Determine g(a).
-8
Let a be 2/((1 + -2)*8/(-12)). Let g(k) be the third derivative of -1/60*k**5 - 1/120*k**6 + a*k**2 + 1/6*k**3 - 1/24*k**4 + 0*k + 0. Calculate g(0).
1
Let o(u) be the third derivative of -u**8/3360 - u**7/1260 + u**6/360 - u**4/8 - 4*u**2. Let a(i) be the second derivative of o(i). What is a(-2)?
4
Suppose -4*w = 9 + 11. Let s(a) be the second derivative of a**3/6 + a**2/2 + 26*a. What is s(w)?
-4
Let d(r) = 8*r**2 + 136*r - 137. Let j be d(1). Let u(y) be the third derivative of -y**5/60 + 3*y**4/8 - 7*y**3/6 + 2*y**2. Determine u(j).
7
Suppose -w - f = -3*f - 9, 2*f + 12 = 4*w. Let h(z) = 5 - 3 + z - 5 + w. Give h(9).
7
Let l(x) = -x - 1. Suppose 0 = -6*h + 169 - 31. Suppose 2*m + 1 = h. Suppose 6*k - 10 = m*k. Calculate l(k).
1
Suppose 4*v - 3*v + 6 = q, -3*q - 14 = 5*v. Suppose -5 = -q*b + 1. Let j(w) = w**2 - 5*w + 2. Calculate j(b).
-4
Suppose 3*q = 2 + 7. Let t be 0/q + 2/1. Let c(n) = -6*n + 2. What is c(t)?
-10
Suppose -g + 20 + 10 = -5*b, 4*g + 20 = 0. Let n(f) = 2*f**2 + 16*f + 15. Give n(b).
1
Let d(b) be the first derivative of 3 + 15 - 7 + 2*b**2 - 3*b**2. What is d(-1)?
2
Let t(d) be the third derivative of -d**4/24 - d**3/3 - 2*d**2. Let m be 14/(-3) - 20/(-12). Give t(m).
1
Let l(r) = -r**2 - 5*r - 2. Let z be l(-4). Let g(j) = 4*j**2 + 0*j**3 + 4*j + z*j**2 + 5 - j**3 - 11*j. Give g(5).
-5
Let k = -18 + 31. Let o = -21 + k. Let q(w) be the first derivative of -w**4/4 - 8*w**3/3 + 4*w - 12. Give q(o).
4
Let x(z) be the second derivative of z**5/20 - z**4/6 + z**3/3 - z**2 + z. Suppose -5*y + 8*q - 5 = 11*q, -2*y - 2*q - 6 = 0. What is x(y)?
2
Let j(i) = 46*i - 159. Let x(w) = -15*w + 50. Let m(d) = 6*j(d) + 19*x(d). Give m(-4).
32
Let k be ((-24)/(-16))/(6/8). Suppose -4*s - 17 = -4*b + 7, -b + 4 = -k*s. Let t(d) = -d**2 + 11*d - 8. Determine t(b).
16
Let g(b) = -20*b - 11 + 0 + 48*b - 12*b - 12*b. Determine g(5).
9
Suppose -3*y + 105 = -0*y. Suppose -32*d + 9 = -y*d. Let m(p) = p**2 + 5*p + 4. What is m(d)?
-2
Let c(g) = 4*g**2 - 38*g + 15. Let t(p) = -p**2 + 12*p - 5. Let u(i) = -2*c(i) - 7*t(i). Calculate u(-10).
-15
Let w(z) = 11*z**2 - 6*z - 4. Let s(q) = -9*q**2 + 8*q + 2. Let d(m) = 5*s(m) + 4*w(m). Give d(11).
49
Let a(q) = q**2 + 9*q + 18. Let g = -6 + 0. Give a(g).
0
Let y(u) = -u. Let j = -12 + 12. Suppose -9 = g + 3*v, -3*v = 2*g - j*g + 3. Give y(g).
-6
Suppose 2*g = u + 2*u - 10, -2*g - 10 = -5*u. Suppose u = 6*b - 6. Let a(c) be the third derivative of -c**5/10 + c**4/24 - c**3/6 + c**2. Give a(b).
-6
Let r(h) = 2*h + 2 + 6*h**2 - 2*h + 6*h + h**3. Suppose -5*y - 5*f = -6*y, 3*f - 22 = 5*y. What is r(y)?
-3
Let p be 3/((-27)/(-6)) + (-128)/12. Let w be (-2 + p)*9/(-18). Let r(q) = q**3 - 5*q**2 - 5*q + 2. Calculate r(w).
8
Let c = 28 + -27. Suppose -5*f + 6 = c. Let d(l) = -7*l**2 + 1. What is d(f)?
-6
Let m(o) = -14*o**3 + 41*o**2 + 24*o + 3. Let g(d) = 5*d**3 - 14*d**2 - 9*d - 1. Let k(r) = 17*g(r) + 6*m(r). Determine k(-9).
1
Let a(b) be the second derivative of 9*b + 0 + 0*b**2 + 1/120*b**5 - 13/24*b**4 - 3/2*b**3. Let y(j) be the second derivative of a(j). Calculate y(6).
-7
Suppose -438*y = -441*y. Let k(r) be the second derivative of -5*r - 3/2*r**2 - 1/2*r**3 + 1/6*r**4 + y. Give k(-2).
11
Let t(q) = -q**3 - 7*q**2 - q - 8. Suppose -v + 6 = v. Suppose v*c = -3 - 18. Determine t(c).
-1
Let u(l) = 66 - 2*l**2 - l**3 - 37 - 32 + 0*l**2. Determine u(-4).
29
Let b(t) be the first derivative of 5 + 1/20*t**5 + 1/6*t**3 + 2*t + 0*t**4 + t**2. Let f(g) be the first derivative of b(g). Calculate f(0).
2
Suppose 5*w + 18 = 11*w. Let p(c) = -4*c + 3. Give p(w).
-9
Let n(h) be the third derivative of 1/6*h**3 + 0 + 0*h - 19*h**2 + 1/24*h**4. Let o be -2 - -2 - (7 + 0). Determine n(o).
-6
Let j = -48 - -66. Let c be 3*(30/j)/1. Let m(l) = l**2 - 6*l - 2. Calculate m(c).
-7
Let m(y) be the second derivative of y**8/6720 + y**7/420 - y**6/90 + y**5/30 + y**4/3 + y - 4. Let q(x) be the third derivative of m(x). What is q(-7)?
11
Let g(y) = -y - 3. Suppose 167 + 23 = -5*b. Let f = 32 + b. Calculate g(f).
3
Let w(u) = -11*u**2 + 4*u - 23. Let k(g) = 7*g**2 - 3*g + 15. Let m(x) = 8*k(x) + 5*w(x). Determine m(2).
1
Let q(y) = -y**3 - 35*y**2 - 2. Let a be q(-35). Let o(c) = -5*c**2 - 3*c. Calculate o(a).
-14
Let b(y) = -16*y**3 - 8*y**3 - 10*y**3 - 6*y - 7*y**2 - 8*y**3 - 4 + 41*y**3. Determine b(-6).
-4
Let w(d) = -2*d - 1. Let r(a) = 5*a + 3. Let q(v) = 4*r(v) + 11*w(v). Let n be (8/(-6) + 1)/(3/(-9)). Give q(n).
-1
Let t(z) be the third derivative of z**5/60 - 13*z**4/24 - 9*z**3/2 + 233*z**2. What is t(15)?
3
Suppose -12 = 13*p - 15*p. Let y(h) = h - 2. What is y(p)?
4
Suppose -49*b + 40 = -45*b. Let h(p) = -p + 8. Give h(b).
-2
Let k(n) = -n**3 + 7*n**2 + 8*n + 4. Suppose -64 = 4*t - 12*t. Determine k(t).
4
Let m(o) = -11*o - 777 + 764 + 12*o. Give m(7).
-6
Let u(x) = 7*x + 3. Let n = -447 - -446. Determine u(n).
-4
Let t(j) = -3 + 2*j - 2*j**2 - 2 + 3*j**2 + 2*j. Suppose 2*h = 4, -2*h - 2*h = 5*z - 28. Suppose -z = -2*b + 3*b. Calculate t(b).
-5
Let c = -46 - -55. Let g(q) = 2*q**3 - 7*q**2 + 9*q - 3. Let a(f) = f**3 - 3*f**2 + 4*f - 2. Let r(w) = c*a(w) - 4*g(w). Determine r(0).
-6
Let f = 3 - 2. Let l(q) = 5*q**2 + 1 - 10*q**2 - q**3 + f - 3*q + q. Let n be (-5)/(-2)*((-36)/(-10))/(-3). Determine l(n).
-10
Let g(o) = -o**2 + 8*o - 7. Let q be (0 + 5 + -6)/(1/(-5)). Calculate g(q).
8
Let y(v) = -v**3 - 11*v**2 - 10*v + 12. Suppose -4*f - 30 = -5*d - 0*d, -3*f = 5*d + 40. Determine y(f).
12
Let i(g) be the second derivative of -g**4/6 - 3*g**3 - 18*g**2 - 10*g. Let f be i(-6). Let k(m) = m**2 + 2 - m**3 - m + m. Calculate k(f).
2
Let o(d) be the first derivative of -d**2/2 + d + 45. What is o(6)?
-5
Let v(p) be the first derivative of 9*p - 1/2*p**2 + 12. Give v(6).
3
Let c = 4099 + -4095. Let y(d) = 2*d + 4 - 2*d + 2*d - d**3 + 4*d**2. What is y(c)?
12
Let w(u) = -u**3 - u**2 + 2*u - 1. Let c = -88 - -88. Suppose 5*f + 4 + c = 3*t, -13 = -4*f - 3*t. Determine w(f).
-1
Let b(r) be the second derivative of 0 + 2/3*r**3 - 1/120*r**6 - 6*r + 0*r**5 + 3/2*r**2 + 1/24*r**4. Let x(n) be the first derivative of b(n). What is x(0)?
4
Let o(c) = -c**2 - 5*c - 3. Let v be ((-5)/(-2))/((-4)/(-8)). Suppose 4*n + 16 = -3*z + 2*n, z + 11 = v*n. Determine o(z).
-9
Let a(f) = -4*f - 12. Let k(q) = -13*q + 29. Let d be k(3). Determine a(d).
28
Let f be 1*2 + -1 + (-840)/40. Let t = 25 + f. Let d(r) = -5*r**2 + 10*r + 4. Let a(u) = 4*u**2 - 9*u - 3. Let s(i) = 4*a(i) + 3*d(i). What is s(t)?
-5
Let x(d) = 2*d + 8. Let l be ((-3 - 2)/5)/(2/12). Determine x(l).
-4
Let k(z) = -z**3 - z**2 - 18*z - 40. Let y be k(-2). Let b(p) = p**2 + 5*p + 14. Let s(r) = 2*r**2 + 11*r + 29. Let q(o) = -13*b(o) + 6*s(o). What is q(y)?
-8
Let l(m) = -15243*m**3 - 10 + 0 + 15242*m**3. What is l(0)?
-10
Let g(i) = -i*